*x**2 - x - 1. Let n be 1 + 2 - (7 + -5). Let u be d(n). Calculate the greatest common factor of 77 and u.
11
Suppose -5*j + m = 52 - 272, 2*m = -2*j + 88. Calculate the highest common divisor of 11 and j.
11
Suppose 0*g + 66 = 3*g - 4*m, -4*g - 3*m = -113. Suppose w + 0 = 1, 5*b - 5*w + 30 = 0. Let r be 2/5 - 63/b. What is the greatest common factor of r and g?
13
Let p be (-169)/(-52) - 2/8 - 2. What is the greatest common divisor of 1 and p?
1
Suppose 3*p - 12 = 30. Calculate the greatest common divisor of p and 154.
14
Suppose 3*z - 4*z + 20 = 0. Suppose -5*g + r + z = -r, 0 = -r. Calculate the greatest common factor of g and 32.
4
Let i = -3 - -2. Let s = 4 - i. Suppose 4*w - p = 12, 0*p = 4*w + s*p - 36. What is the highest common divisor of w and 12?
4
Let d(n) = -n - 12. Let a be d(-8). Let u be (a/2)/(1/(-20)). What is the greatest common factor of u and 8?
8
Let w = 21 - -27. Calculate the greatest common factor of w and 24.
24
Suppose 3*d + 30 = -2*d. Let u be d/15 + 27/5. Suppose -u*z + 63 = -2*z. Calculate the highest common factor of 14 and z.
7
Let b = -218 + 372. Let y be 4/(-3)*(-21)/2. What is the greatest common factor of b and y?
14
Let n = 173 - 63. Calculate the greatest common factor of 22 and n.
22
Let i(n) = -2*n. Let b be i(-1). Suppose 4*v - b*o = 488, -o + 6*o = 2*v - 260. What is the highest common factor of 24 and v?
24
Let l be (-1)/3 + 11/(-3). Let a be 132 + (8/l - 0). Calculate the highest common factor of 13 and a.
13
Suppose -16 = -3*z - z. Suppose 8*c + 8 = z*c. Let q be 7/4 + c/(-8). Calculate the greatest common divisor of q and 8.
2
Suppose -13*p + 15*p = 2. What is the highest common divisor of p and 8?
1
Suppose 4*q - 190 = 50. Let x = q - 20. Calculate the greatest common divisor of x and 8.
8
Let n be (3 - (-5 + 3)) + -3. Suppose n*m - 5 = m, -65 = -a + 3*m. Suppose -a = 3*c - 308. What is the highest common divisor of 19 and c?
19
Suppose -12 = -r - 2*r, -3*y - 724 = 2*r. Let z be (-2)/9 - y/(-36). Let c = z - -13. What is the highest common divisor of 15 and c?
3
Let t = -152 - -252. Suppose t + 20 = 2*f. What is the highest common divisor of f and 20?
20
Suppose 7 = -h - 3. Let d be 2/h + (-88)/(-40). What is the highest common divisor of d and 6?
2
Let q be 3 - 2 - (0 + -7). Let r be (1 - 2)/((-2)/6). Suppose -2*y - y + 2*n + 72 = 0, 72 = r*y - 4*n. Calculate the highest common factor of q and y.
8
Let f(h) = -h + 18. Let r be f(8). Let q be 0 + 0 + -2 + r. Suppose -770 = 3*v - q*v. What is the highest common factor of v and 14?
14
Suppose 5*u = -10 + 25. Calculate the greatest common divisor of u and 3.
3
Let x(m) = m**3 + 12*m**2 - 2*m - 19. Suppose -3*f - 5 = s + 1, 2*f = -5*s - 56. Let h be x(s). What is the greatest common factor of 15 and h?
5
Let p = -20 - -23. Suppose 0*n + p*n - 24 = 0. Calculate the highest common divisor of n and 72.
8
Let q = 15 - -105. What is the highest common divisor of q and 15?
15
Suppose -5*j = 4*v - 61, 6*v = 5*j + v - 25. What is the highest common factor of j and 2?
1
Let r(y) = -9 + 0*y + y - 2*y - 4*y. Let v be r(-6). Calculate the greatest common factor of v and 42.
21
Suppose 4*k - 160 = -4*t, -2*t + 2 = k - 76. Calculate the greatest common divisor of t and 152.
38
Suppose 51 + 41 = 4*x. Let t = x + 3. What is the greatest common factor of t and 65?
13
Let o be 18 + -3 + (3 - 1). Suppose -680 = -2*g - 3*g. What is the highest common factor of g and o?
17
Let l = 31 + -11. Let h(m) = -m**3 - 5*m**2 + 2. Let o be h(-5). Suppose 0 = -o*d + 51 + 9. What is the greatest common factor of l and d?
10
Let p be (4/(-7))/(13/(-91)). What is the highest common divisor of 16 and p?
4
Suppose -5*p - 7 = 2*p. Let v(g) = 30*g**2 + 1. Let j be v(p). Calculate the highest common factor of 31 and j.
31
Let f = 0 + 12. Let s = 10 - 5. Suppose 57 = s*d - 3. Calculate the greatest common divisor of d and f.
12
Let u(z) = -6*z + 3. Let w be u(-4). Let j(f) = -f + 5. Let o be j(-4). What is the greatest common divisor of o and w?
9
Suppose -u + 0*u + 3*t + 84 = 0, 5*u = 4*t + 442. What is the greatest common factor of u and 30?
30
Let k = 2 - 1. Suppose 0 = 4*j - 3 - k. Calculate the highest common factor of 3 and j.
1
Suppose 4*o + 2*k = 40, -4*o + 41 = -4*k + 1. Calculate the highest common factor of 2 and o.
2
Suppose -146 = -4*h + j, 4*j - 2*j - 176 = -5*h. Calculate the greatest common factor of 234 and h.
18
Let l = -40 - -100. What is the greatest common factor of l and 12?
12
Let i(m) = m**2 - m - 4. Let s be i(3). Suppose -111 = -2*u - u - 3*c, 5*u = s*c + 150. Let z = 122 - u. What is the highest common factor of 9 and z?
9
Let z(a) = 4*a**3 - 4*a**2 + 2*a - 2. Let t be z(3). Let o(f) = 3*f + 1. Let u be o(6). What is the highest common factor of u and t?
19
Let s(l) = -10*l - 20. Let v be s(-9). What is the highest common factor of 28 and v?
14
Suppose 7*m = m + 672. Calculate the greatest common divisor of m and 14.
14
Let w(h) = 2 + 3*h - 6*h - h**2 - 4*h. Let o be w(-4). Calculate the greatest common divisor of 2 and o.
2
Suppose -116 = t - 5*t. Calculate the greatest common divisor of t and 145.
29
Let i = -132 + 133. What is the greatest common factor of 9 and i?
1
Let n be (-34)/8 - 2/(-8). Let f(l) = l**2 + 2*l - 5. Let y be f(n). Let w(j) = 4*j + 2. Let z be w(y). What is the highest common factor of 154 and z?
14
Let u = -38 - -65. Calculate the highest common divisor of 27 and u.
27
Suppose -4*t - x = -19, -7*t + 2*t - x + 23 = 0. Calculate the greatest common divisor of t and 44.
4
Suppose 4*m - 99 = -m + 3*l, -5*m + 4*l = -102. What is the greatest common factor of m and 2?
2
Suppose -3*b - 2*b = -s - 15, -b + 29 = 5*s. What is the highest common factor of 25 and s?
5
Suppose 23 = 3*p + 3*r - 13, 0 = -2*p - r + 20. Calculate the highest common divisor of 32 and p.
8
Let c = 10 + 16. Let w be (2 - (-9)/(-6))*c. Suppose 169 = 2*s - w. Calculate the highest common divisor of s and 13.
13
Let w = 3 + 0. Suppose -8 = o - w*o. Let m = o - -3. What is the highest common divisor of 56 and m?
7
Suppose 5*o - 5*d = -10, 3*d - 3 = -4*o + 3. Let c = o - -2. Suppose 3*w + 6 = -3*u, c*u - 12 = 6*u. What is the highest common factor of w and 1?
1
Let l = 61 - -2. What is the greatest common factor of l and 42?
21
Let q(a) = 3*a + 5. Let f(r) = 6*r + 11. Let k(l) = 2*f(l) - 5*q(l). Let m be k(-3). Calculate the greatest common factor of 42 and m.
6
Suppose -5*w + 4*p = -108, 3*w + 54 = 6*w + 3*p. What is the highest common factor of 180 and w?
20
Suppose -2*k + 104 = -2*d + 2, -d - 1 = 0. Calculate the highest common factor of 5 and k.
5
Let o = 0 - -7. Let q = 24 - 10. What is the greatest common factor of o and q?
7
Suppose 2*m + s + 60 = 7*m, 4*s + 45 = 5*m. Let o be (1 - 3)/(-2)*0. Suppose -w + 30 = -o*w - y, 0 = -5*y - 20. What is the highest common divisor of m and w?
13
Let s(v) = 3*v**3 + 26*v**2 - 12*v - 22. Let b be s(-9). Calculate the highest common divisor of 80 and b.
5
Let j = 5 - -10. What is the greatest common divisor of 120 and j?
15
Let w(c) = c + 17. Let f be w(-12). Suppose 0 = 2*t - 4*m - 12, -14 = -2*t - t + 5*m. Let p be t/9 - 272/(-9). What is the highest common factor of p and f?
5
Suppose 0 = -y + 4 - 0. Suppose 0 = -t - 5*p + 4, -y*t + 104 = 3*p - 5*p. What is the greatest common factor of t and 8?
8
Let k be 1432/34 - (-6)/(-51). Calculate the greatest common factor of 105 and k.
21
Suppose -3*j - 148 = 2*y, 3*y + 75 = 3*j + 228. Let t = -27 - j. What is the highest common factor of t and 23?
23
Suppose -3*r + 12 = -18. What is the greatest common divisor of r and 30?
10
Suppose 0 = 2*x + 3*x + 2*j - 20, -3*x - 3*j = -3. Calculate the greatest common factor of 48 and x.
6
Suppose 3*j = -4*p + 41, 4*j + 4*p + 5 = 57. Calculate the greatest common factor of 44 and j.
11
Let d(y) = y**3 - 5*y**2 + 5*y + 7. Let j be d(3). Let z be 16/5*(9 + 1). What is the highest common factor of z and j?
4
Suppose -5*n + 30 + 35 = 0. Let t = -128 - -193. What is the greatest common factor of n and t?
13
Suppose 2*i = 5*i - 6. Let s(q) = q**3 + 9*q**2 + q + 11. Let o be s(-9). Calculate the greatest common divisor of i and o.
2
Suppose -10*h + 5 = -5*h. What is the highest common divisor of h and 3?
1
Suppose 46 + 54 = 10*l. Suppose 5*a + 10 = 60. What i